 o(a) = -6*a**3 + 24*a**2 - 130*a + 534. What is o(4)?
14
Let k(r) = -969*r - 242180. Calculate k(-250).
70
Let v(k) = -9665*k + 454240. Calculate v(47).
-15
Let m(g) = g**3 + 22*g**2 + 619*g + 15999. What is m(-24)?
-9
Let t(a) = 5*a**2 + 371*a + 3158. Give t(-9).
224
Let z(f) = -7*f**3 - 137*f**2 + 350*f + 488. Calculate z(-1).
8
Let l(c) = 2*c**3 + 35*c**2 + 15*c - 81. Give l(-17).
-47
Let n(o) = 407*o - 4537. Calculate n(7).
-1688
Let y(f) = 3385*f - 2000528. What is y(591)?
7
Let c(g) = 17121*g + 308178. Determine c(-18).
0
Let z(s) = -3249947*s + 3249936. Give z(1).
-11
Let b(d) = -d**3 + 3*d**2 - 27*d + 97. Calculate b(0).
97
Let v(t) = 6699*t - 2063300. What is v(308)?
-8
Let x(h) = -4*h**3 - 356*h**2 + 24*h - 439. Calculate x(-89).
-2575
Let z(r) = -26878*r + 107518. Calculate z(4).
6
Let v(n) = -n**2 + 16*n + 730. Give v(-36).
-1142
Let b(t) = -209*t + 5784. Determine b(27).
141
Let d(t) = 2*t**2 - 5789*t + 1533705. Give d(295).
0
Let w(x) = -4648*x**2 - 18575*x - 21. Give w(-4).
-89
Let h(x) = -x**3 - 5*x**2 + 194*x + 605. Determine h(-3).
5
Let l(b) = b**3 - 29*b**2 - 46*b + 116. What is l(31)?
612
Let g(d) = -d**3 + 17*d**2 - 80*d + 35. Determine g(11).
-119
Let l(o) = -o**3 + 22*o**2 - 72*o + 44. What is l(8)?
364
Let d(z) = -7506*z + 494088. What is d(66)?
-1308
Let o(m) = -2*m**2 + 126*m - 283. Determine o(56).
501
Let d(t) = -606*t - 108068. What is d(-178)?
-200
Let s(f) = -454*f**2 - 380*f - 760. Calculate s(-2).
-1816
Let b(z) = 34*z + 137. Calculate b(-29).
-849
Let a(d) = d**3 - 28*d**2 - 650*d + 14160. Calculate a(35).
-15
Let n(r) = 6*r**3 - 321*r**2 - 330*r - 9. Give n(-1).
-6
Let o(j) = 28535*j + 342429. What is o(-12)?
9
Let u(l) = -3154*l + 722631. Give u(229).
365
Let b(j) = j**2 + 6818*j + 169867. Determine b(-25).
42
Let q(d) = d**3 + 206*d**2 + 353*d - 91858. Calculate q(-202).
52
Let o(k) = 75*k**2 + 571*k + 982. Give o(-5).
2
Let m(h) = -204*h + 678. Determine m(0).
678
Let f(m) = m**3 - 20*m**2 + 84*m - 6. What is f(11)?
-171
Let k(g) = 238*g - 6008. Determine k(16).
-2200
Let v(r) = 10948*r - 766351. Determine v(70).
9
Let t(r) = -1397*r - 1200. Calculate t(-1).
197
Let b(n) = -31*n**2 + 8196*n - 3317. Determine b(264).
-149
Let m(c) = -31*c + 3706. Calculate m(51).
2125
Let m(h) = -9*h**2 - 4389*h + 28148. What is m(-494)?
-10
Let o(n) = -3*n**2 - 551*n + 7865. Give o(13).
195
Let o(t) = 15*t**2 + 360*t - 3655. Determine o(10).
1445
Let u(k) = k**3 - 25*k**2 + 131*k + 290. Give u(17).
205
Let a(c) = c**2 - 2281*c + 167583. Determine a(76).
3
Let y(v) = -52053*v + 1249275. Give y(24).
3
Let q(h) = h**3 - 55*h**2 - 174*h - 3663. Determine q(59).
-5
Let c(n) = -63*n**2 + 889*n - 2114. Determine c(11).
42
Let p(n) = -1512*n + 163285. Calculate p(108).
-11
Let x(f) = -46*f**2 - 30*f - 134. Calculate x(-5).
-1134
Let y(r) = -r + 172. What is y(176)?
-4
Let z(m) = -11*m - 1072. Give z(-113).
171
Let l(v) = -3*v**3 + v**2 + 2*v - 366. What is l(0)?
-366
Let w(p) = p**3 + 5*p**2 - 859*p - 9805. Determine w(-13).
10
Let i(g) = -3*g**2 - 223*g + 10479. Give i(-107).
-7
Let r(c) = 28*c - 62. Determine r(3).
22
Let z(k) = 8*k**2 + 624*k + 4607. What is z(-8)?
127
Let f(u) = 925*u - 9664. Calculate f(12).
1436
Let v(s) = s**2 + 106*s - 2282. Calculate v(-125).
93
Let d(n) = -40*n**2 - 317*n + 3336. Determine d(6).
-6
Let w(q) = q**3 - 334*q**2 + 3859*q + 1734. Determine w(322).
124
Let w(t) = 4*t**3 - 548*t**2 - 557*t + 667. Determine w(138).
-23
Let t(s) = 5*s**3 - s**2 - 142*s - 54. Determine t(-5).
6
Let h(a) = -2*a**2 - 2148*a - 58599. What is h(-28)?
-23
Let p(a) = -8233*a + 181128. What is p(22)?
2
Let b(o) = 4*o**3 + 3*o**2 + 1442*o - 10055. Give b(7).
1558
Let u(o) = 3415*o - 638598. Determine u(187).
7
Let x(z) = 68548*z - 1645148. Give x(24).
4
Let d(j) = -7044*j - 1493314. Give d(-212).
14
Let h(z) = -z**3 + 54*z**2 + 426*z - 20394. What is h(55)?
11
Let p(d) = 432*d - 13663. Determine p(31).
-271
Let m(f) = 426*f**2 + 49836*f + 140. Determine m(-117).
842
Let d(i) = 3*i**3 + 57*i**2 - 203*i - 1584. Calculate d(-21).
33
Let p(j) = j**3 - 182*j**2 - 1139*j + 38123. Calculate p(187).
-25
Let u(o) = o**3 - 13*o**2 + 312*o - 2788. Determine u(10).
32
Let u(y) = 43*y**2 - 851*y + 3577. What is u(14)?
91
Let l(g) = -g**3 - 30*g**2 - 41*g + 418. Determine l(-5).
-2
Let m(u) = 10334*u - 16269. Determine m(2).
4399
Let i(v) = 2*v**2 + 396*v - 182652. Give i(219).
-6
Let k(h) = 758*h + 7659. Calculate k(-10).
79
Let g(c) = 72*c**2 + 6472*c - 769. Calculate g(-90).
-49
Let k(h) = h**3 + 560*h**2 + 35142*h + 360. What is k(-72)?
-72
Let p(z) = z**2 - 1408*z + 431623. Calculate p(957).
16
Let q(g) = -2*g**2 + 82*g - 241. What is q(38)?
-13
Let m(t) = t**3 + 89*t**2 + 1338*t + 141. Determine m(-19).
-11
Let w(u) = -13*u**3 - 2718*u**2 - 206*u + 623. Determine w(-209).
-4
Let h(q) = 4*q**3 + 27*q**2 + 5*q + 36. Determine h(-7).
-48
Let t(i) = -i**3 + 499*i**2 + 429*i + 35180. What is t(500)?
-320
Let d(h) = 5*h**2 - 147*h - 4460. Calculate d(48).
4
Let v(z) = -8*z**2 - 761*z + 16286. Calculate v(18).
-4
Let h(f) = 7*f**2 - 334*f + 6406. Calculate h(30).
2686
Let l(r) = -302*r - 1211. Determine l(-7).
903
Let g(w) = 13575*w - 27170. What is g(2)?
-20
Let f(x) = -x**3 - 11*x**2 + 91*x + 451. Calculate f(-13).
-394
Let x(v) = 310*v - 44403. Determine x(143).
-73
Let m(a) = -50514*a - 1414383. Determine m(-28).
9
Let k(r) = -25*r**2 - 500*r + 14. What is k(-23)?
-1711
Let l(t) = -503*t + 7947. Determine l(15).
402
Let w(r) = -6*r**3 - 8*r**2 - 4078*r + 4086. Calculate w(1).
-6
Let p(v) = -v**3 - 283*v**2 - 2262*v - 15942. What is p(-275)?
1108
Let p(k) = -39*k + 10636. Calculate p(285).
-479
Let y(v) = -41576*v - 166294. What is y(-4)?
10
Let n(d) = d**3 + 236*d**2 + 460*d - 1936. What is n(-234)?
-64
Let i(r) = -r**3 - 147*r**2 + 108*r + 15914. What is i(-147)?
38
Let y(d) = 585057*d + 39198813. Determine y(-67).
-6
Let w(p) = -10116*p**2 + 80945*p + 14. What is w(8)?
150
Let i(a) = -3*a**2 - 21097*a - 189639. What is i(-9)?
-9
Let w(q) = 22*q**2 + 190*q - 208. What is w(-12)?
680
Let w(a) = a**3 - 67*a**2 - 306*a - 15622. Determine w(74).
66
Let y(m) = -6*m**3 - 15*m**2 - 18*m - 5. Calculate y(-1).
4
Let p(k) = 144*k**3 + 3*k**2 - 92*k - 11. Give p(-1).
-60
Let c(w) = -2*w**3 - 582*w**2 - 635*w - 15539. Give c(-290).
411
Let n(l) = l**3 + 114*l**2 + 1485*l - 68. Give n(-15).
-68
Let l(x) = -x**2 - 373*x - 24490. What is l(-85)?
-10
Let y(u) = 641*u - 8165. Give y(12).
-473
Let z(o) = -o**3 - 1572*o**2 - 9397*o - 5. Determine z(-6).
1
Let j(l) = -2*l**3 + 51*l + 54. Give j(-5).
49
Let t(g) = -69*g - 2426. What is t(-34)?
-80
Let y(v) = 22971*v + 643070. Give y(-28).
-118
Let w(j) = -257*j - 20337. Calculate w(-79).
-34
Let b(v) = v**2 - 531*v - 25251. Calculate b(-44).
49
Let j(p) = -133*p + 2781. Calculate j(33).
-1608
Let l(n) = -n**2 + 261*n - 5045. Calculate l(20).
-225
Let b(o) = -9*o**3 + 376*o**2 + 59*o + 959. Give b(42).
-91
Let d(h) = h**2 - 3369495*h + 57281120. Determine d(17).
-6
Let k(u) = -u**3 - 29*u**2 - 270*u - 542. Calculate k(-24).
3058
Let t(q) = -1111*q + 746590. Calculate t(672).
-2
Let c(u) = -2*u**2 - 94*u - 212. Give c(-31).
780
Let m(b) = -b**3 - 514*b**2 - 4550*b + 4. Determine m(-9).
49
Let z(r) = 2*r**3 - 204*r**2 + 4227*r + 517. Calculate z(73).
6
Let w(y) = 34*y**2 - 9*y - 1163. Determine w(0).
-1163
Let w(o) = -1652*o - 10322. Determine w(-6).
-410
Let f(n) = -n**3 - 28*n**2 - 1194*n - 35726. Give f(-29).
-259
Let h(x) = -5*x**3 + 3*x**2 - 108*x + 586. Give h(7).
-1738
Let v(l) = -l**2 - 453*l + 9765. Give v(20).
305
Let s(r) = -12*r**3 + 208*r**2 - 643*r + 2. What is s(4)?
-10
Let r(b) = 15*b**2 - 298*b + 368. Determine r(18).
-136
Let x(y) = 5661*y + 28351. Determine x(-5).
46
Let m(b) = -18*b**2 - 3888*b - 498. Determine m(-216).
-498
Let s(v) = -1115*v - 137. Give s(1).
-1252
Let g(o) = -o**3 + 246*o**2 + 4194*o - 487. What is g(262)?
37
Let m(d) = -4*d**2 - 552*d + 1538. Calculate m(3).
-154
Let z(y) = -y**3 + 68*y**2 - 254*y - 335. Give z(64).
-207
Let g(y) = -2025*y - 1407373. Give g(-695).
2
Let j(w) = 6*w**2 - 4044*w + 43771. Give j(11).
13
Let w(i) = 3168*i**2 - 22174*i - 22. Determine w(7).
-8
Let x(f) = -5*f**2 - 810840*f - 810838. Give x(-1).
-3
Let m(n) = -532*n - 6070. Give m(